{"id":96,"date":"2020-11-26T03:15:09","date_gmt":"2020-11-26T03:15:09","guid":{"rendered":"https:\/\/victorfx3d.com.br\/?page_id=96"},"modified":"2022-04-17T22:44:56","modified_gmt":"2022-04-17T22:44:56","slug":"blog","status":"publish","type":"page","link":"https:\/\/victorfx3d.com.br\/digital\/blog\/","title":{"rendered":"blog"},"content":{"rendered":"","protected":false},"excerpt":{"rendered":"","protected":false},"author":1,"featured_media":0,"parent":0,"menu_order":0,"comment_status":"closed","ping_status":"closed","template":"elementor_theme","meta":{"_uag_custom_page_level_css":"","_monsterinsights_skip_tracking":false,"_monsterinsights_sitenote_active":false,"_monsterinsights_sitenote_note":"","_monsterinsights_sitenote_category":0,"site-sidebar-layout":"default","site-content-layout":"","ast-site-content-layout":"default","site-content-style":"default","site-sidebar-style":"default","ast-global-header-display":"","ast-banner-title-visibility":"","ast-main-header-display":"","ast-hfb-above-header-display":"","ast-hfb-below-header-display":"","ast-hfb-mobile-header-display":"","site-post-title":"","ast-breadcrumbs-content":"","ast-featured-img":"","footer-sml-layout":"","ast-disable-related-posts":"","theme-transparent-header-meta":"","adv-header-id-meta":"","stick-header-meta":"","header-above-stick-meta":"","header-main-stick-meta":"","header-below-stick-meta":"","astra-migrate-meta-layouts":"default","ast-page-background-enabled":"default","ast-page-background-meta":{"desktop":{"background-color":"var(--ast-global-color-5)","background-image":"","background-repeat":"repeat","background-position":"center center","background-size":"auto","background-attachment":"scroll","background-type":"","background-media":"","overlay-type":"","overlay-color":"","overlay-opacity":"","overlay-gradient":""},"tablet":{"background-color":"","background-image":"","background-repeat":"repeat","background-position":"center center","background-size":"auto","background-attachment":"scroll","background-type":"","background-media":"","overlay-type":"","overlay-color":"","overlay-opacity":"","overlay-gradient":""},"mobile":{"background-color":"","background-image":"","background-repeat":"repeat","background-position":"center center","background-size":"auto","background-attachment":"scroll","background-type":"","background-media":"","overlay-type":"","overlay-color":"","overlay-opacity":"","overlay-gradient":""}},"ast-content-background-meta":{"desktop":{"background-color":"var(--ast-global-color-4)","background-image":"","background-repeat":"repeat","background-position":"center center","background-size":"auto","background-attachment":"scroll","background-type":"","background-media":"","overlay-type":"","overlay-color":"","overlay-opacity":"","overlay-gradient":""},"tablet":{"background-color":"var(--ast-global-color-4)","background-image":"","background-repeat":"repeat","background-position":"center center","background-size":"auto","background-attachment":"scroll","background-type":"","background-media":"","overlay-type":"","overlay-color":"","overlay-opacity":"","overlay-gradient":""},"mobile":{"background-color":"var(--ast-global-color-4)","background-image":"","background-repeat":"repeat","background-position":"center center","background-size":"auto","background-attachment":"scroll","background-type":"","background-media":"","overlay-type":"","overlay-color":"","overlay-opacity":"","overlay-gradient":""}},"footnotes":""},"class_list":["post-96","page","type-page","status-publish","hentry"],"yoast_head":"<!-- This site is optimized with the Yoast SEO plugin v27.5 - https:\/\/yoast.com\/product\/yoast-seo-wordpress\/ -->\n<title>blog<\/title>\n<meta name=\"robots\" content=\"index, follow, max-snippet:-1, max-image-preview:large, max-video-preview:-1\" \/>\n<link rel=\"canonical\" href=\"https:\/\/victorfx3d.com.br\/digital\/\" \/>\n<meta property=\"og:locale\" content=\"pt_PT\" \/>\n<meta property=\"og:type\" content=\"article\" \/>\n<meta property=\"og:title\" content=\"blog\" \/>\n<meta property=\"og:url\" content=\"https:\/\/victorfx3d.com.br\/digital\/\" \/>\n<meta property=\"og:site_name\" content=\"Visual FX 3D\" \/>\n<meta property=\"article:modified_time\" content=\"2022-04-17T22:44:56+00:00\" \/>\n<meta name=\"twitter:card\" content=\"summary_large_image\" \/>\n<script type=\"application\/ld+json\" class=\"yoast-schema-graph\">{\"@context\":\"https:\\\/\\\/schema.org\",\"@graph\":[{\"@type\":[\"WebPage\",\"CollectionPage\"],\"@id\":\"https:\\\/\\\/victorfx3d.com.br\\\/digital\\\/\",\"url\":\"https:\\\/\\\/victorfx3d.com.br\\\/digital\\\/\",\"name\":\"blog\",\"isPartOf\":{\"@id\":\"https:\\\/\\\/victorfx3d.com.br\\\/digital\\\/#website\"},\"datePublished\":\"2020-11-26T03:15:09+00:00\",\"dateModified\":\"2022-04-17T22:44:56+00:00\",\"breadcrumb\":{\"@id\":\"https:\\\/\\\/victorfx3d.com.br\\\/digital\\\/#breadcrumb\"},\"inLanguage\":\"pt-PT\"},{\"@type\":\"BreadcrumbList\",\"@id\":\"https:\\\/\\\/victorfx3d.com.br\\\/digital\\\/#breadcrumb\",\"itemListElement\":[{\"@type\":\"ListItem\",\"position\":1,\"name\":\"In\u00edcio\",\"item\":\"https:\\\/\\\/victorfx3d.com.br\\\/digital\\\/\"},{\"@type\":\"ListItem\",\"position\":2,\"name\":\"blog\"}]},{\"@type\":\"WebSite\",\"@id\":\"https:\\\/\\\/victorfx3d.com.br\\\/digital\\\/#website\",\"url\":\"https:\\\/\\\/victorfx3d.com.br\\\/digital\\\/\",\"name\":\"Visual FX 3D\",\"description\":\"Conhe\u00e7a um dos melhores curso para introdu\u00e7\u00e3o ao VFX, CGI e REALIDADE VIRTUAL do mercado Brasileiro.\",\"publisher\":{\"@id\":\"https:\\\/\\\/victorfx3d.com.br\\\/digital\\\/#\\\/schema\\\/person\\\/1fcbc7543ecf262b07ccc3fd1bcae7d3\"},\"potentialAction\":[{\"@type\":\"SearchAction\",\"target\":{\"@type\":\"EntryPoint\",\"urlTemplate\":\"https:\\\/\\\/victorfx3d.com.br\\\/digital\\\/?s={search_term_string}\"},\"query-input\":{\"@type\":\"PropertyValueSpecification\",\"valueRequired\":true,\"valueName\":\"search_term_string\"}}],\"inLanguage\":\"pt-PT\"},{\"@type\":[\"Person\",\"Organization\"],\"@id\":\"https:\\\/\\\/victorfx3d.com.br\\\/digital\\\/#\\\/schema\\\/person\\\/1fcbc7543ecf262b07ccc3fd1bcae7d3\",\"name\":\"Victor A. L. Santos\",\"image\":{\"@type\":\"ImageObject\",\"inLanguage\":\"pt-PT\",\"@id\":\"https:\\\/\\\/victorfx3d.com.br\\\/wp-content\\\/uploads\\\/2020\\\/11\\\/Logo_cortado_victor-fx3d.png\",\"url\":\"https:\\\/\\\/victorfx3d.com.br\\\/wp-content\\\/uploads\\\/2020\\\/11\\\/Logo_cortado_victor-fx3d.png\",\"contentUrl\":\"https:\\\/\\\/victorfx3d.com.br\\\/wp-content\\\/uploads\\\/2020\\\/11\\\/Logo_cortado_victor-fx3d.png\",\"width\":400,\"height\":400,\"caption\":\"Victor A. L. Santos\"},\"logo\":{\"@id\":\"https:\\\/\\\/victorfx3d.com.br\\\/wp-content\\\/uploads\\\/2020\\\/11\\\/Logo_cortado_victor-fx3d.png\"},\"description\":\"Victor A. L. Santos Generalista 3D\\\/Motion Graphic. Profissional com mais de 10 anos de experi\u00eancia em agencias e produtoras, Com diversificados projetos, desde escaneamento 3D at\u00e9 document\u00e1rio nacional! Desenvolvi uma vasta gama de conhecimento. Meu objetivo \u00e9 transmitir todo meu conhecimento e ajudar pessoas interessadas nesse conte\u00fado! Poder evoluir e aprender novas t\u00e9cnicas e truques! Junte-se a mim nessa jornada!\",\"sameAs\":[\"https:\\\/\\\/victorfx3d.com.br\"]}]}<\/script>\n<!-- \/ Yoast SEO plugin. -->","yoast_head_json":{"title":"blog","robots":{"index":"index","follow":"follow","max-snippet":"max-snippet:-1","max-image-preview":"max-image-preview:large","max-video-preview":"max-video-preview:-1"},"canonical":"https:\/\/victorfx3d.com.br\/digital\/","og_locale":"pt_PT","og_type":"article","og_title":"blog","og_url":"https:\/\/victorfx3d.com.br\/digital\/","og_site_name":"Visual FX 3D","article_modified_time":"2022-04-17T22:44:56+00:00","twitter_card":"summary_large_image","schema":{"@context":"https:\/\/schema.org","@graph":[{"@type":["WebPage","CollectionPage"],"@id":"https:\/\/victorfx3d.com.br\/digital\/","url":"https:\/\/victorfx3d.com.br\/digital\/","name":"blog","isPartOf":{"@id":"https:\/\/victorfx3d.com.br\/digital\/#website"},"datePublished":"2020-11-26T03:15:09+00:00","dateModified":"2022-04-17T22:44:56+00:00","breadcrumb":{"@id":"https:\/\/victorfx3d.com.br\/digital\/#breadcrumb"},"inLanguage":"pt-PT"},{"@type":"BreadcrumbList","@id":"https:\/\/victorfx3d.com.br\/digital\/#breadcrumb","itemListElement":[{"@type":"ListItem","position":1,"name":"In\u00edcio","item":"https:\/\/victorfx3d.com.br\/digital\/"},{"@type":"ListItem","position":2,"name":"blog"}]},{"@type":"WebSite","@id":"https:\/\/victorfx3d.com.br\/digital\/#website","url":"https:\/\/victorfx3d.com.br\/digital\/","name":"Visual FX 3D","description":"Conhe\u00e7a um dos melhores curso para introdu\u00e7\u00e3o ao VFX, CGI e REALIDADE VIRTUAL do mercado Brasileiro.","publisher":{"@id":"https:\/\/victorfx3d.com.br\/digital\/#\/schema\/person\/1fcbc7543ecf262b07ccc3fd1bcae7d3"},"potentialAction":[{"@type":"SearchAction","target":{"@type":"EntryPoint","urlTemplate":"https:\/\/victorfx3d.com.br\/digital\/?s={search_term_string}"},"query-input":{"@type":"PropertyValueSpecification","valueRequired":true,"valueName":"search_term_string"}}],"inLanguage":"pt-PT"},{"@type":["Person","Organization"],"@id":"https:\/\/victorfx3d.com.br\/digital\/#\/schema\/person\/1fcbc7543ecf262b07ccc3fd1bcae7d3","name":"Victor A. L. Santos","image":{"@type":"ImageObject","inLanguage":"pt-PT","@id":"https:\/\/victorfx3d.com.br\/wp-content\/uploads\/2020\/11\/Logo_cortado_victor-fx3d.png","url":"https:\/\/victorfx3d.com.br\/wp-content\/uploads\/2020\/11\/Logo_cortado_victor-fx3d.png","contentUrl":"https:\/\/victorfx3d.com.br\/wp-content\/uploads\/2020\/11\/Logo_cortado_victor-fx3d.png","width":400,"height":400,"caption":"Victor A. L. Santos"},"logo":{"@id":"https:\/\/victorfx3d.com.br\/wp-content\/uploads\/2020\/11\/Logo_cortado_victor-fx3d.png"},"description":"Victor A. L. Santos Generalista 3D\/Motion Graphic. Profissional com mais de 10 anos de experi\u00eancia em agencias e produtoras, Com diversificados projetos, desde escaneamento 3D at\u00e9 document\u00e1rio nacional! Desenvolvi uma vasta gama de conhecimento. Meu objetivo \u00e9 transmitir todo meu conhecimento e ajudar pessoas interessadas nesse conte\u00fado! Poder evoluir e aprender novas t\u00e9cnicas e truques! Junte-se a mim nessa jornada!","sameAs":["https:\/\/victorfx3d.com.br"]}]}},"uagb_featured_image_src":{"full":false,"thumbnail":false,"medium":false,"medium_large":false,"large":false,"1536x1536":false,"2048x2048":false},"uagb_author_info":{"display_name":"Victor A. L. Santos","author_link":"https:\/\/victorfx3d.com.br\/digital\/author\/victorioso28\/"},"uagb_comment_info":0,"uagb_excerpt":null,"_links":{"self":[{"href":"https:\/\/victorfx3d.com.br\/digital\/wp-json\/wp\/v2\/pages\/96","targetHints":{"allow":["GET"]}}],"collection":[{"href":"https:\/\/victorfx3d.com.br\/digital\/wp-json\/wp\/v2\/pages"}],"about":[{"href":"https:\/\/victorfx3d.com.br\/digital\/wp-json\/wp\/v2\/types\/page"}],"author":[{"embeddable":true,"href":"https:\/\/victorfx3d.com.br\/digital\/wp-json\/wp\/v2\/users\/1"}],"replies":[{"embeddable":true,"href":"https:\/\/victorfx3d.com.br\/digital\/wp-json\/wp\/v2\/comments?post=96"}],"version-history":[{"count":3,"href":"https:\/\/victorfx3d.com.br\/digital\/wp-json\/wp\/v2\/pages\/96\/revisions"}],"predecessor-version":[{"id":4432,"href":"https:\/\/victorfx3d.com.br\/digital\/wp-json\/wp\/v2\/pages\/96\/revisions\/4432"}],"wp:attachment":[{"href":"https:\/\/victorfx3d.com.br\/digital\/wp-json\/wp\/v2\/media?parent=96"}],"curies":[{"name":"wp","href":"https:\/\/api.w.org\/{rel}","templated":true}]}}